-13).
846
Let i(c) = -9*c**2 - 5*c + 130. Calculate i(6).
-224
Let v(z) = -z**3 - 7*z**2 + 204*z + 110. Calculate v(-18).
2
Let s(u) = -587*u + 21164. Calculate s(36).
32
Let s(o) = -181*o - 43417. Calculate s(-241).
204
Let g(m) = 258*m - 16372. Give g(54).
-2440
Let v(x) = 143*x - 2336. What is v(18)?
238
Let w(o) = 11*o**3 - 71*o**2 + 53*o - 111. Calculate w(6).
27
Let z(m) = 250*m**2 + 2011*m + 43. Determine z(-8).
-45
Let y(s) = -s**3 - 180*s**2 + 6*s + 1096. Determine y(-180).
16
Let f(n) = -4*n**3 - 53*n**2 - 191*n + 22. Give f(-6).
124
Let q(z) = -4*z**3 + 87*z**2 + 10761*z - 236251. Determine q(22).
7
Let s(n) = 2*n**2 - 451*n + 6780. Calculate s(210).
270
Let d(c) = 10913*c - 65979. What is d(6)?
-501
Let h(r) = -52*r**2 + 191*r + 95237. Determine h(-41).
-6
Let c(k) = k**2 - 124*k + 470. Determine c(24).
-1930
Let j(t) = -3*t**2 + 58*t + 23881. Give j(-80).
41
Let f(b) = -21040*b + 231444. Determine f(11).
4
Let z(c) = -8316*c + 74895. Calculate z(9).
51
Let s(j) = -51*j + 35437. What is s(695)?
-8
Let j(k) = 11671*k + 957021. Determine j(-82).
-1
Let q(d) = d**3 - 33*d**2 + 37*d + 173. Calculate q(32).
333
Let k(q) = 4534*q + 1314627. Give k(-290).
-233
Let q(i) = 3*i**3 - 145*i**2 - 239*i - 613. Calculate q(50).
-63
Let l(s) = -38*s**2 + 1142*s - 2. Determine l(30).
58
Let c(h) = -469*h**2 - 239193*h - 1535. Give c(-510).
-5
Let h(c) = 35100*c - 70212. Give h(2).
-12
Let o(q) = q**3 - 51*q**2 + 239*q - 15051. Determine o(52).
81
Let l(j) = 43*j**2 + 2560*j - 20043. Calculate l(7).
-16
Let p(x) = 53036*x - 4985357. Determine p(94).
27
Let f(w) = 988*w + 329015. Determine f(-333).
11
Let z(t) = 17470*t - 1380137. What is z(79)?
-7
Let h(u) = 631*u - 3645. Determine h(7).
772
Let i(k) = 12*k**3 + 98*k**2 + 60*k + 2. Calculate i(-7).
268
Let q(r) = -1692*r - 20454. What is q(-13)?
1542
Let l(n) = n**3 + 10*n**2 + 39*n + 134. Calculate l(-5).
64
Let k(a) = -2*a**2 + 200977*a + 200974. Give k(-1).
-5
Let m(n) = -2218*n - 35491. Determine m(-16).
-3
Let p(o) = -186*o**2 - 105*o - 351. Give p(-3).
-1710
Let x(v) = -9*v**3 + 597*v**2 - 1484*v + 84874. What is x(66)?
-2
Let v(m) = -2436066*m + 4872130. What is v(2)?
-2
Let w(i) = -i**3 - 1236*i**2 - 8131*i - 923731. Calculate w(-1230).
-1
Let p(c) = c**2 + 48088*c - 6751950. What is p(140)?
-30
Let b(s) = s**3 - 93*s**2 + 520*s - 36. Give b(6).
-48
Let k(u) = 22*u**2 - 5836*u + 1557. Give k(265).
-33
Let z(d) = 25219*d + 75635. Calculate z(-3).
-22
Let j(g) = 4*g**3 - 379*g**2 - 25*g - 6829. Determine j(95).
-179
Let b(v) = 157*v**2 + 21*v - 7. Calculate b(-2).
579
Let y(f) = 7002*f**2 - 56032*f + 132. Calculate y(8).
4
Let w(k) = -1341*k - 57085. What is w(-41)?
-2104
Let h(j) = -2*j**2 + 120*j + 409. Give h(68).
-679
Let v(h) = -h**2 + 2786*h - 216486. Determine v(80).
-6
Let r(u) = 3*u**2 - 150796*u + 301594. Give r(2).
14
Let x(l) = 3*l**3 + 43*l**2 + 474*l + 6573. Calculate x(-14).
133
Let x(p) = -2*p**3 + 141*p**2 - 936*p - 425. Determine x(63).
142
Let c(y) = 15*y**3 + 500*y**2 - 25*y + 10715. Give c(-34).
5
Let x(y) = 12555*y - 464565. Calculate x(37).
-30
Let q(n) = -183*n - 22651. Determine q(-122).
-325
Let g(z) = 2*z**3 + 67*z**2 + 290*z + 11007. Give g(-34).
-9
Let i(y) = -153*y - 7772. Give i(-52).
184
Let b(h) = -2*h**2 + 1769*h - 41280. What is b(23)?
-1651
Let c(z) = -14539*z - 3111350. Determine c(-214).
-4
Let v(l) = l**2 - 47*l - 3977. Calculate v(85).
-747
Let u(d) = -d**3 - 419*d**2 - 36582*d - 267. Calculate u(-124).
-19
Let g(m) = -600*m - 72746. What is g(-122)?
454
Let z(q) = 4*q**3 + 16*q**2 - 128*q - 616. What is z(-5)?
-76
Let z(d) = -d**2 - 4928*d + 49367. Give z(10).
-13
Let t(k) = -2*k**2 + 5849*k - 1673737. Calculate t(2603).
-8
Let v(t) = -1134*t**2 + 5698*t - 143. What is v(5)?
-3
Let f(h) = 1210*h - 13480. Give f(11).
-170
Let j(v) = 58*v**2 - 473*v + 5. Calculate j(8).
-67
Let z(y) = y**3 - 136*y**2 - 292*y + 1666. Give z(138).
-542
Let l(m) = 62*m**2 + 660*m + 914. Calculate l(-9).
-4
Let t(w) = -w**3 - 122*w**2 + 258*w + 159. What is t(-124)?
-1081
Let v(u) = 2*u**3 - 11*u**2 - 51*u - 32. What is v(8)?
-120
Let p(q) = -107*q**3 + 963*q**2 + 17*q - 130. Calculate p(9).
23
Let s(o) = 3*o**3 - 8*o**2 + 7*o - 171. Give s(0).
-171
Let h(t) = 692*t + 9581. Calculate h(-13).
585
Let a(l) = -1521*l + 34262. Calculate a(22).
800
Let o(z) = 2670*z - 5572. Determine o(2).
-232
Let i(g) = g**2 + 1620*g + 208537. Determine i(-141).
-2
Let i(n) = n**3 - 253*n**2 + 1001*n + 1192. Calculate i(5).
-3
Let b(l) = 22*l**3 + 62*l**2 - 121*l + 4. Determine b(2).
186
Let d(m) = 2*m**2 + 468*m - 5898. Calculate d(-246).
6
Let b(m) = 448*m - 79516. What is b(178)?
228
Let p(z) = 270*z - 1927. What is p(12)?
1313
Let r(q) = 1223*q - 69725. Calculate r(57).
-14
Let y(o) = 20551*o + 20552. Calculate y(-1).
1
Let f(m) = 1547*m - 3126. What is f(2)?
-32
Let f(c) = 9857*c - 197133. Calculate f(20).
7
Let k(d) = -9014*d + 135207. Calculate k(15).
-3
Let x(s) = 14*s**2 + 528*s + 221. Calculate x(-37).
-149
Let t(h) = -1021*h + 27632. What is t(27)?
65
Let h(k) = 969*k**2 - 1009697*k - 1041. Determine h(1042).
1
Let c(l) = 2*l**2 + 4429*l + 52984. Calculate c(-12).
124
Let m(a) = -15185*a - 136750. Determine m(-9).
-85
Let u(f) = -159*f**2 - 1204*f - 21. Calculate u(-8).
-565
Let s(c) = -c**2 - 2324*c + 30310. What is s(13)?
-71
Let k(s) = 616*s**2 - 22198*s + 136. What is k(36)?
-656
Let m(k) = 3*k**3 + 1108*k**2 - 20514*k - 1157. Calculate m(-387).
4
Let n(d) = -19929*d + 179285. Calculate n(9).
-76
Let j(p) = -p**3 - 10*p**2 + 4*p - 1739. Give j(-16).
-267
Let x(o) = -153231*o**2 + 3217852*o - 16. Calculate x(21).
5
Let z(m) = -86*m**2 - 8244*m - 46363. Calculate z(-6).
5
Let f(t) = -139*t**2 - 530*t + 32. Give f(-6).
-1792
Let z(f) = -f**3 - 3*f**2 + 72*f + 1714. What is z(13)?
-54
Let c(v) = -4644*v - 60362. Give c(-13).
10
Let c(m) = 18*m**2 + 4849*m + 184964. What is c(-46)?
-2
Let g(z) = 2913*z + 588456. Give g(-202).
30
Let s(z) = 306*z**2 - 36*z - 30. Calculate s(-2).
1266
Let l(c) = -c**2 + 1988*c - 9909. Calculate l(5).
6
Let j(x) = x**2 - 12560*x + 2167366. Calculate j(175).
-9
Let t(g) = -g**3 - 227*g**2 - 2078*g - 25278. What is t(-218)?
10
Let v(x) = -2572*x + 164671. Calculate v(64).
63
Let x(f) = -f**3 + 6*f**2 - 583*f - 2939. Calculate x(-5).
251
Let u(h) = -320368*h + 6727736. What is u(21)?
8
Let r(c) = 2895*c**2 + 22*c + 3. What is r(1)?
2920
Let i(g) = -121*g**2 - 1065*g - 2031. Calculate i(-6).
3
Let z(i) = -1812*i + 197503. Determine z(109).
-5
Let x(b) = -22*b**2 - 217*b - 659. Calculate x(-3).
-206
Let x(g) = g**3 + 298*g**2 - 1449*g - 346. Calculate x(5).
-16
Let u(z) = -5*z**2 + 469*z + 2668. What is u(-6)?
-326
Let c(g) = 143*g**3 - 4719*g**2 + 5*g - 155. Determine c(33).
10
Let d(z) = -1205*z + 12299. Determine d(9).
1454
Let n(t) = -54*t + 1191. Give n(8).
759
Let f(b) = -2*b**3 - 49*b**2 + 20*b + 51. What is f(-23)?
-1996
Let h(l) = -55938*l - 1398442. What is h(-25)?
8
Let c(w) = -15*w**2 + 1179*w + 16757. Determine c(-14).
-2689
Let p(t) = -1357*t + 446407. What is p(329)?
-46
Let w(q) = 4*q**3 + 154*q**2 - 1260*q - 86. Calculate w(7).
12
Let x(i) = 9*i**2 - 247*i - 2558. Determine x(-8).
-6
Let h(a) = -8062*a - 161042. Determine h(-20).
198
Let o(i) = 2852*i - 316559. Give o(111).
13
Let x(y) = 182*y - 10584. Determine x(55).
-574
Let p(a) = -2*a**3 - 51*a**2 + 77*a - 148. Determine p(-27).
-40
Let m(t) = 668*t + 7834. Give m(-10).
1154
Let y(c) = -20*c**2 - 711*c - 4000. Give y(-7).
-3
Let y(x) = -21560*x + 560565. Give y(26).
5
Let q(m) = 32*m**2 + 135*m - 437. Give q(3).
256
Let q(v) = 4*v**2 + 496*v - 7583. Calculate q(15).
757
Let m(g) = 2*g**2 + 682*g - 67397. Give m(80).
-37
Let n(q) = -38*q - 1471. Calculate n(-50).
429
Let n(p) = p**2 - 296*p + 20853. Give n(181).
38
Let y(p) = -22789*p + 18504678. Calculate y(812).
10
Let d(s) = 3*s**2 + 1472*s + 11703. Determine d(-8).
119
Let o(y) = -y**3 + 346*y**2 - 4003*y - 2019. Calculate o(334).
-349
Let q(k) = -8*k**2 + 64*k - 444. Calculate q(-13).
-2628
Let p(h) = -27630*h + 19368626. Determine p(701).
-4
Let r(l) = 10*l**2 + 83*l - 699. Determine r(7).
372
Let d(y) = y**3 + 4*y**2 - 16. Calculate d(-5).
-41
Let a(h) = -177*h**2 + 5279*h + 957. What is a(30)?
27
Let n(u) = 23655*u - 70652. De